 + (-9 - -5 - -17)
-4
Calculate -33 + -5 + -33 + 37.
-34
42 - (3 - -7) - 17
15
What is 5 + -2 + -1 + (159 - 167) + -3?
-9
-22 - (-9 + 11 + -3 + (7 - 3))
-25
Evaluate -168 + 194 - (-4 + 17).
13
Evaluate 9 - -9 - 10 - (0 - 0).
8
11 + -5 + (-7 - 1) - -3 - -3
4
Calculate 7 + (5 - 8 - 1) + 6.
9
What is the value of 1 - (-33 - (-17 - -5)) - 10?
12
What is -5 + 15 - (-2 + 1)?
11
What is the value of -4 + 22 + -14 + -6 + (0 - 0)?
-2
What is 0 - (5 + -1 + -1 + 2 - 8)?
3
What is the value of -31 + (-38 - -30) + 15?
-24
Evaluate -23 + 27 + -43 + 37.
-2
What is the value of 36 + 0 + 2 + -19?
19
What is the value of -1 + 10 + (-5 - (-13 - -8))?
9
Calculate (-30 + 14 + -11 - -14) + 1.
-12
Evaluate (-7 - 1) + (-655 - -669).
6
Evaluate (-6 + 20 - 5) + -21 + 36.
24
What is the value of -39 + (-27 - (15 - 63))?
-18
What is 5 + -2 - (-5 + 2) - 14?
-8
What is the value of -1 + 7 - (11 + (-7 + 10 - -4))?
-12
What is -1 + (14 - (-1 + (-5 - -13)))?
6
What is -1 + -30 + -34 + 96 + -49?
-18
Evaluate 24 - (38 + (-6 - 23)).
15
Evaluate -4 + (-8 - (-10 - 3)).
1
Calculate -5 - (-15 - (-14 + 9)).
5
50 + -44 - ((-2 - -4) + -28) - 7
25
11 - ((9 - 11) + -5 + 21 + -2)
-1
16 + 9 + -10 + (0 - 8)
7
What is (-1 - (-16 - -2) - -2) + -9?
6
Calculate (-1 - (-3 - -6)) + 6 - (5 - -11).
-14
Evaluate 2 + 29 - (-157 + 168).
20
What is the value of -29 + (9 - -1) + 2 - -13?
-4
Evaluate 2 - -3 - -1 - (-61 - -60).
7
What is (-13 - 13) + -41 + 37?
-30
What is 1 + -2 - (13 + -16 + (0 - 10))?
12
What is the value of -55 + 25 + 16 + (0 - 0)?
-14
Calculate 5 + 46 + -30 + 16.
37
What is -15 + (10 - -8) - -10?
13
(-3 - (6 + 37)) + 73
27
Calculate 22 - 9 - (2 - -20).
-9
What is (13 - (5 - -37)) + 31?
2
4 + 11 + (-4 - -7) + -1
17
Evaluate -34 + 26 + -17 - ((3 - 2) + -3).
-23
Evaluate -2 - 5 - -3 - (16 + -37).
17
24 + (7 + -29 - -27)
29
What is the value of -12 - 0 - (-5 - -10 - 14) - -34?
31
Calculate 194 + -173 - (-1 - -21).
1
Evaluate -4 - (-8 - (3 + (4 - 9 - -7))).
9
What is the value of -13 + 8 + 10 + (0 - 5)?
0
-3 + -4 + -17 + 12
-12
What is -10 + 30 - (4 + 32)?
-16
Calculate 1 + 1 + 1 + (6 - 8) - 12.
-11
-6 - -1 - -1 - (-9 + -18 + 34)
-11
What is the value of (-12 - 0) + 24 + -7?
5
-13 + (14 - (-32 - 10)) + -12
31
Calculate -13 + 36 + (22 - 36).
9
-4 - (12 - 8 - 13)
5
-5 - (-7 - (-6 - 3))
-7
What is -2 + 11 - (1 - 1) - 10?
-1
Calculate (2 - 1) + (-55 - -48) - 2.
-8
Evaluate 14 + 5 - 10 - 1 - 4.
4
What is -6 - (5 - (5 - (0 + -2)))?
-4
What is -2 + 5 + (26 + -57 - -39)?
11
Evaluate -6 + 5 + 0 - (17 - (8 - 16)).
-26
What is the value of -4 + (-3 - -6) + (3 - -3)?
5
What is 1585 + -1556 - (0 - 13 - -1)?
41
Evaluate 1 + -8 + 12 + 14 + -29.
-10
Evaluate -81 + 84 - (-17 + -1 + 6).
15
What is the value of (-3 - 29) + (36 - 20)?
-16
Evaluate -8 - 3 - (-62 - -65).
-14
-156 - -139 - (-4 - (3 + (-10 - -1)))
-19
(-7 - -9) + 12 + -12
2
What is 2 - 1 - (498 + -502)?
5
Calculate -22 + (0 - -1) + (-27 - (-60 + 32)).
-20
What is the value of -43 - (21 + 21 + -58)?
-27
8 - (23 - (0 + 15) - (1 - -1))
2
Calculate -2 - -6 - (20 - (-3 + 2 + 2)).
-15
What is 9 - (21 + -3 - (-33 + 22))?
-20
8 - -2 - (17 - 3)
-4
Evaluate 1 - 22 - -16 - (-1 + (-2 - 3)).
1
What is -13 + 30 + (-15 - (-2 - 17))?
21
What is the value of -1 + (-28 - -13) + (-5 - (-1 + -5))?
-15
Calculate -19 - ((1 - (-20 - -19)) + (-3 - -1)).
-19
Evaluate (41 + -41 - (-10 - -1) - 23) + 4.
-10
What is the value of 9 + -4 + 0 + 4?
9
Calculate -21 + 1 + 502 + -473 - (-3 + 11).
1
Calculate -1 + 25 - ((14 - -12) + -18).
16
What is -9 - (3 - 17 - (29 - 39))?
-5
(15 - 12) + (2 + -37 - -5)
-27
Evaluate (20 - (-4 - -13)) + -6.
5
1 + -2 - (-141 + 143)
-3
17 + 6 - -1 - 40
-16
Evaluate 7 - ((42 - 33) + (-8 - (3 + -2))).
7
What is the value of -2 + -1 - (-65 + 53)?
9
What is -3 - ((0 - 17) + (5 - 9) + -2)?
20
Evaluate -3 + -5 - -13 - -22 - (13 - 8).
22
Calculate -7 + 13 + -4 + -2 + -1 + 13.
12
What is the value of -7 + (37 - 58 - (-3 + -8))?
-17
What is the value of -5 - (13 - (17 - -5))?
4
What is (2 - 4) + -8 - (-29 + 26 + -3)?
-4
What is the value of 13 + 0 + (16 - 26) - 19?
-16
Calculate (-4 - (13 - 38)) + (-4 - -3).
20
Evaluate 10 - (6 + -7 + 10 - 2).
3
(2 - (29 - 16)) + (8 - 12)
-15
What is -5 + (23 - (11 - 4 - 3))?
14
Calculate -11 + (1 - 0) + 3 + 1.
-6
Calculate (9 - (7 + (-3 - 1))) + -4.
2
What is -4 + 2 + -31 + 19?
-14
What is the value of (-9 - (6 + (9 - 5))) + 8?
-11
Evaluate (23 - (27 + -13)) + 9.
18
What is 1 - (-25 - -42 - (3 + 5)) - 8?
-16
What is 3 + -1 + 2 - (13 - 8)?
-1
-12 + (2 + (-6 - (-8 - -6)) - 1)
-15
-44 + (992 - 996) + 15 + (1 - 0)
-32
Evaluate -1 + (6 - 10) + (4 - 3).
-4
Evaluate -1 + -12 - (-127 - -116).
-2
Calculate -18 + 15 + 9 - -6.
12
What is 16 - (8 + (3 - (1 - -4)) + -5)?
15
Evaluate 635 + -628 - (0 - -5).
2
Evaluate 1 + 7 + -43 + 36 - -5.
6
Calculate (1 - -6) + (-11 - -7 - (6 + -20)).
17
What is (-1 - -3) + -106 + 86?
-18
Evaluate 6 + (4 - 2) + 3 - 1.
10
What is the value of 10 + -2 + (4 - 4)?
8
What is the value of (-8 - 7) + 16 + -6 + 7?
2
Evaluate 72 + -81 - (-6 + 1) - (-11 + -1).
8
2 + 13 + -1 - (-2 - (0 + -3))
13
Calculate -14 + 62 - 16 - 47.
-15
-31 - -44 - (-1 - -32) - 19
-37
Evaluate (5 - (2 + -5)) + 1.
9
Calculate (-12 - -2) + 6 + (23 - 11) + -1.
7
(-2 - 15) + (40 - 32) - -1
-8
Calculate (-35 - -13 - -22) + -1 + -14 - 4.
-19
What is (4 - 2) + -2 + 2 + (0 - -4)?
6
What is (35 + -1 + 4 - 3) + 228 + -236?
27
-1 - -9 - (-10 - (-7 + 0))
11
What is -26 + (-7 - (-45 - -16))?
-4
What is the value of -4 + 0 + (14 - 26)?
-16
Calculate (4 - (-1 + -1)) + (202 - 196).
12
Evaluate 8 - (6 - 8) - (-1 + -3).
14
(0 - -42) + (-111 - -89)
20
What is the value of 7 - (-2 + (2 + -1 - (30 - 23)))?
15
4 - (-17 + 14 + -11 + 8)
10
Calculate -1 - (25 + -4 + 23 + -23).
-22
-28 - (-25 - (3 + -13))
-13
Calculate (4 + (-12 - -9) + 2 - 0) + 22.
25
4 + 5 - (27 - 18)
0
What is the value of (4 - 3 - -5) + -2 - (25 + -38)?
17
Evaluate (2 - 1 - 14 - -9) + -6 - -10.
0
What is the value of -10 + 1 + -1 + 35 + -25 + -11?
-11
What is -15 + (20 + 7 - 6) - -8?
14
Evaluate 9 + 1 + (-196 - -204).
18
Calculate (1 - (-6 - -10 - -5)) + (-2 - -6).
-4
What is -4 + (9 - (15 + -10 + 8))?
-8
What is the value of (226 - 229) + -6 + -2?
-11
What is (-3 - -9) + (-393 - -373)?
-14
5 + 4 + -5 + (-1 - 3)
0
(-4 - -10) + (-71 - -55) - -19
9
-85 - -64 - (-17 + 2) - -34
28
What is the value of 8 + (-21 + -11 - -7)?
-17
Calculate -195 + 178 + -1 + 6.
-12
What is (-507 - -505) + (-4 - 14)?
-20
Calculate -22 + (22 - -2) + 14.
16
Calculate (13 - 1 - (27 + -24)) + -26.
-17
Evaluate (-19 - (-42 + 13)) + (14 - 0).
24
5 + -25 + 8 + 8 + -6
-10
((13 - 10) + 4 - 11) + -4
-8
Evaluate 20 + -39 + 15 + 16.
12
Evaluate -2 + 5 + -6 + (3 - (-4 - -3)).
1
14 + (18 - 21) - (-3 - -2)
12
What is the value of -1 - (3 + -11) - (-33 - -16 - -11)?
13
What is the value of 3 - (1 - 1) - (30 + -35 + 0)?
8
Evaluate -12 + (-2 + 4 - 0) + -4 + -1.
-15
What is the value of 4 - (-12 + 14) - -1?
3
What is the value of (-9 - 13 - 4) + 18?
-8
What is -15 + 13 + 13 + -16?
-5
Evaluate 1 - (0 - (1 + -3 + (-3 - -7))).
3
What is the value of (-2 - 10) + 24 - 22?
-10
Evaluate 0 + -8 - (-23 + -12 + 11 + 2).
14
What is the value of -30 + (2 - -5) - -26?
3
Evaluate 4 - (1 - -2) - -8 - 8.
1
Evaluate 19 - (-2 + 36) - -21.
6
-14 + (19 - 0) + -7
-2
What is 22 + (-42 - -30) + -12?
-2
Evaluate 2 + (-2 - (-3 + 2 + 2)) + -2.
-3
Evaluate -5 - (-4 - -2) - (-10 + -19 + 15).
11
Calculate -33 - -32 - ((2 + -6 - 15) + -6).
24
Calculate (-18 - (-32 - -18)) + (1 - (-1 + -2)).
0
What is 59 - (39 + 5 + -21) - (8 + -2)?
30
What is (-1 + (17 - 5) - -7 - -1) + -5?
14
What is the value of -14 + 3 + 5 + -4?
-10
Evaluate (5 - 27 - -20) + 11.
9
What is 73 + -43 + 13 + -38?
5
(175 - 171) + (-23 - -1)
-18
Calculate -24 + 2 + 8 - -36.
22
Evaluate -17 - ((9 + 5 + -9 - 13) + 8).
-17
-33 + 40 + -6 - (-1 + 14 + -1)
-11
Evaluate 9 - (136 + -137 - (1 - 0 - 9)).
2
What is the value of 7 - (-15 + 7 - -18)?
-3
Calculate (-2 - (0 - -1)) + -15 + -9 + 36.
9
(6 - (1 + -6)) + 2
13
What is 5 + (16 - 10) + -1 - 9?
1
What is -2 + 1 - -11 - (34 - 26)?
2
Calculate (4 - 27 - -72) + -22.
27
Evaluate -2 + 7 - 0 - (5 - (3 + 1)).
4
-20 + 17 + (4 - -6 - (-2 - -5))
4
What is the value of 8 + (2 + -4 - 7) - 6?
-7
What is the value of (-23 + 15 - -12) + -16?
-12
Evaluate -19 + (-12 - (-2